ctors of 61540857?
3, 7, 359, 907
List the prime factors of 1025727580.
2, 5, 51286379
What are the prime factors of 48575692?
2, 11, 100363
List the prime factors of 106723271.
59, 1808869
What are the prime factors of 146145561?
3, 48715187
List the prime factors of 705513446.
2, 11, 83, 386371
What are the prime factors of 166127396?
2, 41531849
List the prime factors of 748097739.
3, 2711, 30661
What are the prime factors of 957654570?
2, 3, 5, 853, 37423
What are the prime factors of 3967574527?
7, 113, 5015897
What are the prime factors of 127296837?
3, 14144093
What are the prime factors of 127950615?
3, 5, 13, 218719
What are the prime factors of 333623430?
2, 3, 5, 7, 157, 3373
List the prime factors of 789794717.
19, 43, 83, 613
List the prime factors of 974372470.
2, 5, 31, 3143137
What are the prime factors of 4386442553?
4386442553
What are the prime factors of 175570285?
5, 11, 3192187
List the prime factors of 8390190535.
5, 29, 2789, 20747
What are the prime factors of 187697530?
2, 5, 151, 124303
List the prime factors of 99083097.
3, 47, 234239
List the prime factors of 35466580.
2, 5, 443, 4003
What are the prime factors of 12652664?
2, 43, 36781
List the prime factors of 601361365.
5, 11, 1237, 8839
What are the prime factors of 826170559?
19, 47, 925163
List the prime factors of 58857963.
3, 409, 47969
List the prime factors of 116323357.
116323357
What are the prime factors of 2695954431?
3, 898651477
List the prime factors of 4338901066.
2, 19, 114181607
What are the prime factors of 511731239?
293, 307, 5689
List the prime factors of 16820523.
3, 1868947
List the prime factors of 191929393.
19, 139, 72673
List the prime factors of 2846364035.
5, 3767, 151121
List the prime factors of 1205676908.
2, 301419227
List the prime factors of 1062212792.
2, 132776599
List the prime factors of 3942814.
2, 653, 3019
List the prime factors of 561077283.
3, 13, 3359, 4283
List the prime factors of 359854386.
2, 3, 31, 1249, 1549
List the prime factors of 695354145.
3, 5, 17, 2726879
What are the prime factors of 806373155?
5, 7, 17, 193607
List the prime factors of 1169464450.
2, 5, 7, 11, 89, 3413
What are the prime factors of 166850516?
2, 7, 5958947
List the prime factors of 53999713.
53999713
List the prime factors of 2504107756.
2, 37, 16919647
What are the prime factors of 236765364?
2, 3, 11, 761, 2357
List the prime factors of 137336613.
3, 45778871
List the prime factors of 6123699.
3, 680411
List the prime factors of 225757633.
225757633
List the prime factors of 5242832439.
3, 13, 3313, 40577
List the prime factors of 122719423.
19, 339943
What are the prime factors of 5303695918?
2, 47, 4027, 14011
List the prime factors of 76321627.
76321627
What are the prime factors of 37006050?
2, 3, 5, 246707
List the prime factors of 90807014.
2, 809, 56123
What are the prime factors of 140100717?
3, 523, 89293
List the prime factors of 44151743.
23, 89, 21569
List the prime factors of 709629708.
2, 3, 17, 19, 223, 821
List the prime factors of 1184030.
2, 5, 167, 709
List the prime factors of 439997405.
5, 167, 526943
What are the prime factors of 133573741?
7, 19081963
List the prime factors of 90395269.
90395269
List the prime factors of 637216505.
5, 127443301
List the prime factors of 226333048.
2, 199, 142169
List the prime factors of 889688579.
13, 68437583
What are the prime factors of 248370508?
2, 19, 53, 197, 313
List the prime factors of 220952503.
11587, 19069
List the prime factors of 477219181.
19, 269, 93371
What are the prime factors of 40944490?
2, 5, 31, 269, 491
List the prime factors of 896995144.
2, 37, 3030389
List the prime factors of 967524503.
11, 87956773
List the prime factors of 313643761.
17, 61, 151, 2003
List the prime factors of 243699700.
2, 5, 19, 47, 2729
List the prime factors of 537079999.
79, 2221, 3061
What are the prime factors of 263600148?
2, 3, 7, 19, 23, 43, 167
List the prime factors of 181757900.
2, 5, 137, 13267
List the prime factors of 1236036072.
2, 3, 51501503
List the prime factors of 1433593398.
2, 3, 238932233
What are the prime factors of 4281259258?
2, 61, 331, 106019
What are the prime factors of 386193288?
2, 3, 13, 31, 39929
List the prime factors of 249777059.
7, 19, 38327
What are the prime factors of 140646879?
3, 37, 422363
List the prime factors of 1076382348.
2, 3, 41, 2187769
What are the prime factors of 98748202?
2, 7, 7053443
What are the prime factors of 2496913475?
5, 7, 53, 269209
What are the prime factors of 125849532?
2, 3, 10487461
What are the prime factors of 46384364?
2, 13, 17, 137, 383
What are the prime factors of 64228748?
2, 113, 142099
List the prime factors of 2191622721.
3, 730540907
What are the prime factors of 318313172?
2, 79578293
What are the prime factors of 6304054426?
2, 3152027213
List the prime factors of 93877171.
953, 98507
What are the prime factors of 45676877?
1423, 32099
What are the prime factors of 557428599?
3, 7, 13, 823, 827
List the prime factors of 437410177.
283, 1545619
List the prime factors of 3490188139.
61, 3373, 16963
List the prime factors of 37932345.
3, 5, 11, 76631
What are the prime factors of 431971865?
5, 13, 6645721
What are the prime factors of 168613121?
9343, 18047
List the prime factors of 29537061.
3, 9845687
List the prime factors of 47134179.
3, 5237131
What are the prime factors of 203271738?
2, 3, 1693, 20011
What are the prime factors of 3876140206?
2, 967, 2004209
List the prime factors of 14222045.
5, 229, 12421
What are the prime factors of 57973556?
2, 997, 14537
List the prime factors of 50953258.
2, 3181, 8009
List the prime factors of 156571855.
5, 11, 31, 131, 701
List the prime factors of 253343257.
4919, 51503
What are the prime factors of 5560754199?
3, 7, 11, 13, 10957
List the prime factors of 42252794.
2, 23, 918539
List the prime factors of 507913386.
2, 3, 17, 127, 39209
List the prime factors of 78336835.
5, 269, 58243
What are the prime factors of 118214317?
13, 699493
What are the prime factors of 34893858?
2, 3, 1399, 4157
What are the prime factors of 36484702?
2, 421, 43331
List the prime factors of 156133666.
2, 13, 6005141
What are the prime factors of 78928634?
2, 39464317
List the prime factors of 2382542932.
2, 7, 11, 2441, 3169
What are the prime factors of 3973554270?
2, 3, 5, 7, 31, 203459
What are the prime factors of 529872992?
2, 11, 131, 11491
List the prime factors of 105050921.
105050921
What are the prime factors of 282836802?
2, 3, 557, 84631
What are the prime factors of 1478913667?
7, 11, 29, 60209
List the prime factors of 5878161904.
2, 367385119
What are the prime factors of 77970844?
2, 7, 53, 52541
List the prime factors of 110393434.
2, 55196717
What are the prime factors of 57849304?
2, 7231163
List the prime factors of 2181542066.
2, 11, 113, 877531
What are the prime factors of 4235117908?
2, 7, 71, 2130341
List the prime factors of 594456239.
13, 29, 1229, 1283
What are the prime factors of 488635299?
3, 23, 31, 76147
List the prime factors of 71280607.
151, 472057
What are the prime factors of 102352622?
2, 23, 2225057
List the prime factors of 56367564.
2, 3, 11, 113, 3779
What are the prime factors of 447635183?
59, 139, 54583
List the prime factors of 937384251.
3, 23, 13585279
What are the prime factors of 180589197?
3, 60196399
What are the prime factors of 7487860296?
2, 3, 7, 5279, 8443
What are the prime factors of 569490396?
2, 3, 23, 173, 11927
What are the prime factors of 122544950?
2, 5, 11, 97, 2297
What are the prime factors of 34186216?
2, 71, 139, 433
List the prime factors of 285260942.
2, 67, 79, 26947
List the prime factors of 9893486.
2, 79, 62617
What are the prime factors of 239849498?
2, 7, 17, 1007771
What are the prime factors of 232445817?
3, 29, 890597
What are the prime factors of 20809472?
2, 29, 2803
List the prime factors of 2791499351.
23, 121369537
List the prime factors of 171712153.
37, 4640869
List the prime factors of 474337083.
3, 11, 139, 103409
List the prime factors of 8837502.
2, 3, 109, 13513
List the prime factors of 57272764.
2, 19, 753589
List the prime factors of 41450804.
2, 37, 47, 59, 101
List the prime factors of 55605956.
2, 7, 449, 4423
What are the prime factors of 21270548?
2, 13, 97, 42